{"id":9,"date":"2020-01-31T21:44:36","date_gmt":"2020-01-31T21:44:36","guid":{"rendered":"https:\/\/retro-presszo.hu\/?page_id=9"},"modified":"2024-11-28T15:20:49","modified_gmt":"2024-11-28T15:20:49","slug":"etlap","status":"publish","type":"page","link":"https:\/\/retro-presszo.hu\/","title":{"rendered":"\u00c9tlap"},"content":{"rendered":"<p>[vc_row][vc_column 0=&#8221;&#8221;][vc_separator][\/vc_column][\/vc_row][vc_row][vc_column][vc_images_carousel images=&#8221;493,437,439,443,442,491,494,447&#8243; img_size=&#8221;full&#8221; onclick=&#8221;custom_link&#8221; speed=&#8221;3000&#8243; slides_per_view=&#8221;2&#8243; autoplay=&#8221;yes&#8221; partial_view=&#8221;yes&#8221; wrap=&#8221;yes&#8221; custom_links=&#8221;#E-8_aHR0cCUzQSUyRiUyRnJldHJvLXByZXNzem8uaHUlMkYlM0ZwYWdlX2lkJTNENDcwJTJDaHR0cCUzQSUyRiUyRnJldHJvLXByZXNzem8uaHUlMkYlM0ZwYWdlX2lkJTNEMzQyJTJDaHR0cCUzQSUyRiUyRnJldHJvLXByZXNzem8uaHUlMkYlM0ZwYWdlX2lkJTNEMzcwJTJDaHR0cCUzQSUyRiUyRnJldHJvLXByZXNzem8uaHUlMkYlM0ZwYWdlX2lkJTNENDU4JTJDaHR0cCUzQSUyRiUyRnJldHJvLXByZXNzem8uaHUlMkYlM0ZwYWdlX2lkJTNENDYyJTJDaHR0cCUzQSUyRiUyRnJldHJvLXByZXNzem8uaHUlMkYlM0ZwYWdlX2lkJTNEMzg3JTJDaHR0cCUzQSUyRiUyRnJldHJvLXByZXNzem8uaHUlMkYlM0ZwYWdlX2lkJTNENDczJTJDaHR0cHMlM0ElMkYlMkZyZXRyby1wcmVzc3pvLmh1JTJGJTNGcGFnZV9pZCUzRDcwMg==&#8221;][\/vc_column][\/vc_row]<\/p>\n","protected":false},"excerpt":{"rendered":"<p>[vc_row][vc_column 0=&#8221;&#8221;][vc_separator][\/vc_column][\/vc_row][vc_row][vc_column][vc_images_carousel images=&#8221;493,437,439,443,442,491,494,447&#8243; img_size=&#8221;full&#8221; onclick=&#8221;custom_link&#8221; speed=&#8221;3000&#8243; slides_per_view=&#8221;2&#8243; autoplay=&#8221;yes&#8221; partial_view=&#8221;yes&#8221; wrap=&#8221;yes&#8221; custom_links=&#8221;#E-8_aHR0cCUzQSUyRiUyRnJldHJvLXByZXNzem8uaHUlMkYlM0ZwYWdlX2lkJTNENDcwJTJDaHR0cCUzQSUyRiUyRnJldHJvLXByZXNzem8uaHUlMkYlM0ZwYWdlX2lkJTNEMzQyJTJDaHR0cCUzQSUyRiUyRnJldHJvLXByZXNzem8uaHUlMkYlM0ZwYWdlX2lkJTNEMzcwJTJDaHR0cCUzQSUyRiUyRnJldHJvLXByZXNzem8uaHUlMkYlM0ZwYWdlX2lkJTNENDU4JTJDaHR0cCUzQSUyRiUyRnJldHJvLXByZXNzem8uaHUlMkYlM0ZwYWdlX2lkJTNENDYyJTJDaHR0cCUzQSUyRiUyRnJldHJvLXByZXNzem8uaHUlMkYlM0ZwYWdlX2lkJTNEMzg3JTJDaHR0cCUzQSUyRiUyRnJldHJvLXByZXNzem8uaHUlMkYlM0ZwYWdlX2lkJTNENDczJTJDaHR0cHMlM0ElMkYlMkZyZXRyby1wcmVzc3pvLmh1JTJGJTNGcGFnZV9pZCUzRDcwMg==&#8221;][\/vc_column][\/vc_row]<\/p>\n","protected":false},"author":1,"featured_media":0,"parent":0,"menu_order":0,"comment_status":"closed","ping_status":"closed","template":"","meta":[],"yoast_head":"<!-- This site is optimized with the Yoast SEO plugin v16.2 - https:\/\/yoast.com\/wordpress\/plugins\/seo\/ -->\n<title>\u00c9tlap - Retro Pressz\u00f3<\/title>\n<meta name=\"description\" content=\"K\u00e9zm\u0171ves hamburger h\u00e1zilag k\u00e9sz\u00edtett bucival, pizz\u00e1k min\u0151s\u00e9gi felt\u00e9tekkel, P\u00e9csv\u00e1rad k\u00f6rny\u00e9k\u00e9n ingyen kisz\u00e1ll\u00edt\u00e1s.\" \/>\n<meta name=\"robots\" content=\"index, follow, max-snippet:-1, max-image-preview:large, max-video-preview:-1\" \/>\n<link rel=\"canonical\" href=\"https:\/\/retro-presszo.hu\/\" \/>\n<meta property=\"og:locale\" content=\"hu_HU\" \/>\n<meta property=\"og:type\" content=\"article\" \/>\n<meta property=\"og:title\" content=\"\u00c9tlap - Retro Pressz\u00f3\" \/>\n<meta property=\"og:description\" content=\"K\u00e9zm\u0171ves hamburger h\u00e1zilag k\u00e9sz\u00edtett bucival, pizz\u00e1k min\u0151s\u00e9gi felt\u00e9tekkel, P\u00e9csv\u00e1rad k\u00f6rny\u00e9k\u00e9n ingyen kisz\u00e1ll\u00edt\u00e1s.\" \/>\n<meta property=\"og:url\" content=\"https:\/\/retro-presszo.hu\/\" \/>\n<meta property=\"og:site_name\" content=\"Retro Pressz\u00f3\" \/>\n<meta property=\"article:modified_time\" content=\"2024-11-28T15:20:49+00:00\" \/>\n<meta name=\"twitter:card\" content=\"summary_large_image\" \/>\n<meta name=\"twitter:label1\" content=\"Becs\u00fclt olvas\u00e1si id\u0151\">\n\t<meta name=\"twitter:data1\" content=\"1 perc\">\n<script type=\"application\/ld+json\" class=\"yoast-schema-graph\">{\"@context\":\"https:\/\/schema.org\",\"@graph\":[{\"@type\":\"WebSite\",\"@id\":\"https:\/\/retro-presszo.hu\/#website\",\"url\":\"https:\/\/retro-presszo.hu\/\",\"name\":\"Retro Pressz\\u00f3\",\"description\":\"K\\u00f6vesd az \\u00e1lmaidat...rendelj pizz\\u00e1t!\",\"potentialAction\":[{\"@type\":\"SearchAction\",\"target\":\"https:\/\/retro-presszo.hu\/?s={search_term_string}\",\"query-input\":\"required name=search_term_string\"}],\"inLanguage\":\"hu\"},{\"@type\":\"WebPage\",\"@id\":\"https:\/\/retro-presszo.hu\/#webpage\",\"url\":\"https:\/\/retro-presszo.hu\/\",\"name\":\"\\u00c9tlap - Retro Pressz\\u00f3\",\"isPartOf\":{\"@id\":\"https:\/\/retro-presszo.hu\/#website\"},\"datePublished\":\"2020-01-31T21:44:36+00:00\",\"dateModified\":\"2024-11-28T15:20:49+00:00\",\"description\":\"K\\u00e9zm\\u0171ves hamburger h\\u00e1zilag k\\u00e9sz\\u00edtett bucival, pizz\\u00e1k min\\u0151s\\u00e9gi felt\\u00e9tekkel, P\\u00e9csv\\u00e1rad k\\u00f6rny\\u00e9k\\u00e9n ingyen kisz\\u00e1ll\\u00edt\\u00e1s.\",\"breadcrumb\":{\"@id\":\"https:\/\/retro-presszo.hu\/#breadcrumb\"},\"inLanguage\":\"hu\",\"potentialAction\":[{\"@type\":\"ReadAction\",\"target\":[\"https:\/\/retro-presszo.hu\/\"]}]},{\"@type\":\"BreadcrumbList\",\"@id\":\"https:\/\/retro-presszo.hu\/#breadcrumb\",\"itemListElement\":[{\"@type\":\"ListItem\",\"position\":1,\"item\":{\"@type\":\"WebPage\",\"@id\":\"https:\/\/retro-presszo.hu\/\",\"url\":\"https:\/\/retro-presszo.hu\/\",\"name\":\"Kezd\\u0151lap\"}},{\"@type\":\"ListItem\",\"position\":2,\"item\":{\"@id\":\"https:\/\/retro-presszo.hu\/#webpage\"}}]}]}<\/script>\n<!-- \/ Yoast SEO plugin. -->","_links":{"self":[{"href":"https:\/\/retro-presszo.hu\/index.php?rest_route=\/wp\/v2\/pages\/9"}],"collection":[{"href":"https:\/\/retro-presszo.hu\/index.php?rest_route=\/wp\/v2\/pages"}],"about":[{"href":"https:\/\/retro-presszo.hu\/index.php?rest_route=\/wp\/v2\/types\/page"}],"author":[{"embeddable":true,"href":"https:\/\/retro-presszo.hu\/index.php?rest_route=\/wp\/v2\/users\/1"}],"replies":[{"embeddable":true,"href":"https:\/\/retro-presszo.hu\/index.php?rest_route=%2Fwp%2Fv2%2Fcomments&post=9"}],"version-history":[{"count":55,"href":"https:\/\/retro-presszo.hu\/index.php?rest_route=\/wp\/v2\/pages\/9\/revisions"}],"predecessor-version":[{"id":712,"href":"https:\/\/retro-presszo.hu\/index.php?rest_route=\/wp\/v2\/pages\/9\/revisions\/712"}],"wp:attachment":[{"href":"https:\/\/retro-presszo.hu\/index.php?rest_route=%2Fwp%2Fv2%2Fmedia&parent=9"}],"curies":[{"name":"wp","href":"https:\/\/api.w.org\/{rel}","templated":true}]}}